digit of f?
7
What is the thousands digit of 10025/10*2 + -2?
2
Let y = 1524 + -1048. What is the tens digit of y?
7
Suppose -320 = o - 5*o. Suppose -t - 2*q - o = -3*t, -4*t + 139 = 3*q. What is the tens digit of t?
3
Suppose -a = -5*o - 5*a - 333, -75 = o + 5*a. Let d = 123 + o. What is the units digit of d?
8
Let s be (-6)/8 - 276/(-48). Suppose 0 = -s*c + 138 + 437. What is the tens digit of c?
1
Let g(j) = -j**2 - 4*j + 4*j**2 + 4 - 2*j. Let u be g(4). Suppose u + 2 = a. What is the tens digit of a?
3
What is the tens digit of 475/((60/5)/6 - 1)?
7
What is the units digit of (4 - 5)/(((-48)/8)/17232)?
2
Let y(o) = -45*o - 132. What is the hundreds digit of y(-13)?
4
Let q be ((-3)/2 - 1) + (-570)/(-12). Let c = -8 - -12. Suppose 135 + q = c*u. What is the units digit of u?
5
Suppose -u - 161 = -2*u. What is the tens digit of u?
6
Let a = 228 + -103. Let c = -48 + a. What is the tens digit of c?
7
Let y = 58 + -41. Let t be ((-3)/(-9))/((-1)/(-78)). Let c = t - y. What is the units digit of c?
9
Let p(j) = -1. Let i(o) = -2*o + 9. Let d(b) = i(b) + 3*p(b). Let g(k) = k + 2. Let s be g(-8). What is the tens digit of d(s)?
1
Let t(s) = 0 + 0 + 5*s**2 - 5*s**3 + 0 + 6*s - 2. Let y(k) = -14*k**3 + 16*k**2 + 19*k - 6. Let v(c) = 17*t(c) - 6*y(c). What is the units digit of v(-10)?
2
Let q(a) = -19*a**3 - 8*a**2 - 28*a - 28. Let b(n) = -6*n**3 - 3*n**2 - 9*n - 9. Let u(o) = 7*b(o) - 2*q(o). What is the units digit of u(-3)?
7
Suppose 0 = -2*b + 8*b - 492. What is the tens digit of b?
8
Let a(v) = 199*v**2 - 12*v - 6. What is the hundreds digit of a(-2)?
8
Let f(v) = 11*v**3 + 5*v**2 - 50*v. What is the units digit of f(6)?
6
Suppose -10*a = -5*a - 80. Let x(r) = 0*r + 6 - a*r + r**3 - 12*r**2 + 3*r. What is the units digit of x(13)?
6
Let d be (-6)/(-15) - 6/15. Suppose d = -4*y + 29 + 219. What is the tens digit of y?
6
Let k(v) = -v**3 + 42*v**2 - 54*v - 64. What is the units digit of k(40)?
6
Suppose -2*t + 47 = -3*m + 7, -m - 18 = 4*t. Let j(z) = -2 + 9 - 7 - z. What is the units digit of j(m)?
4
Let g be (2/(-4))/(4/(-8)). Let q be 2*g*(-36)/(-24). Let j(n) = 3*n**3 - 2*n**2 + 1. What is the tens digit of j(q)?
6
Suppose 0 = 4*o + 2*j - 1690, 2*o - 4*o + j = -843. What is the units digit of o?
2
Let z = 33 - 28. What is the units digit of ((-7)/(-1))/(z/25)?
5
Let o(c) = -c**3 + c**2 - 7*c - 12. Let q be o(-6). Suppose q = 2*g + 4*g. What is the tens digit of g?
4
Suppose 5*y - 2*x = 2761, -3*y = x + 474 - 2135. What is the hundreds digit of y?
5
Suppose -4*y = -4*f + y + 1203, 0 = f + 3*y - 288. What is the tens digit of f?
9
Suppose -4*h - 2*r - r = -713, r - 531 = -3*h. Suppose b - h = -2*d + 16, 0 = 3*b - 6. What is the units digit of d?
5
Let f = 3424 + -2440. What is the units digit of f?
4
Let w(v) = 14*v**2 + v + 16. What is the units digit of w(4)?
4
Suppose 0 = -2*u - 28 - 34. Let f = u + 51. What is the tens digit of f?
2
Let t be 24/(-84) - (-136)/(-14). What is the units digit of 4/(-8)*t*1?
5
Let b(j) be the third derivative of j**6/120 + 19*j**5/60 - j**4/6 + 25*j**3/6 + 17*j**2. What is the hundreds digit of b(-19)?
1
Let g = 102 + -75. Let c = g - 4. What is the tens digit of c?
2
Let p = 724 + -395. What is the units digit of p?
9
Suppose 28*a = 23*a + g + 6292, 2506 = 2*a + 5*g. What is the units digit of a?
8
Let u be ((-4)/(-6))/((-1)/(-3)). Suppose -u*v = 2*b, 6*b - 4*v = b. Suppose 4*s - 48 + b = 0. What is the units digit of s?
2
Let s be -2 - -7 - (-820 + 6). Suppose 107 = -4*i + s. What is the tens digit of i?
7
Let l(i) = -i**3. Let q(b) = 2*b**3 + 10*b**2 + 3*b + 5. Let t(h) = -l(h) - q(h). Let g be 2/(-10) + 68/(-10) - 3. What is the tens digit of t(g)?
2
Let l = 7316 - 3909. What is the units digit of l?
7
Let y = 608 + 181. What is the tens digit of y?
8
Let i(d) = d**3 - d**2 - 3*d - 4. Let r be i(3). Let s be 2/r + 24/15. Suppose -s*l - l = -84. What is the tens digit of l?
2
Let d be (-3)/(((-9)/(-14))/3). What is the hundreds digit of (-12)/28 + 0 - 1616/d?
1
Let m(k) be the second derivative of k**4/3 + 2*k**3/3 + 3*k**2/2 + 16*k. What is the units digit of m(-5)?
3
Suppose 0 = -3*r + 4*q + 22, q + 7 = 5*r - 7. Let i(z) = 3 + z**2 - r*z + 29 + 3. What is the units digit of i(0)?
5
Let o be (1/(-4) + -1)*-4. Suppose 17 = s - o*w, 24 = 3*s + w - 43. Suppose 26*n - 184 = s*n. What is the units digit of n?
6
Suppose -5*t - 77 = -2*s + 2509, 0 = t + 2. What is the tens digit of s?
8
Let a(t) = -2*t**2 - 17*t + 49. Let w(v) = 3*v**2 + 26*v - 73. Let l(m) = -8*a(m) - 5*w(m). What is the units digit of l(-12)?
5
Suppose c + 3*x + 12 = -0*c, 4*c - x + 22 = 0. Let n = c - -6. Suppose n = -h + 12 - 2. What is the units digit of h?
0
Suppose 3*m - 1282 = 5*h, h - 11 = -7. What is the tens digit of m?
3
Let v be 0 + 4 + 34/17. Suppose v*p - 77 = 391. What is the units digit of p?
8
Let q(m) = m**3 + 18*m**2 + 18*m + 17. Let a be q(-17). What is the units digit of a/9 + 3*15?
5
Suppose -2*z + 2*v + 38 + 188 = 0, 343 = 3*z - 5*v. What is the units digit of z?
1
Let p(z) = 4*z - 13 + 5 + 2. Let o(s) = 3*s**2 + 2*s - 2. Let u be o(-2). What is the units digit of p(u)?
8
Suppose 0 = -2*h + 41 - 3. Let g = 87 - h. What is the tens digit of g?
6
Let o = 3 - -1. Let h(l) = -o - 5 + 15*l**2 - 12*l**2. What is the tens digit of h(4)?
3
Let x(s) = -4*s + 5. Let q be x(0). Suppose 4*u - 5*a = 769, u + q*a + 965 = 6*u. What is the hundreds digit of u?
1
Let m be 9/6*(-4)/(-1). Let c = 6 - m. Suppose -3*n = -4*x + 34, n = -c*x + 4*x - 38. What is the tens digit of x?
1
Suppose -17 = 3*q - 2*o - 6, -5*o + 21 = -q. Suppose -4*m - 3*y + 4 = 0, -2*m - 4*y - y = -16. What is the tens digit of q/(-2) + (-71)/m?
3
Let k = -13 - -23. Suppose -k*l + 721 = -149. What is the tens digit of l?
8
Let q(c) = 2*c**2 + 16*c - 8. Let m be q(-15). Let z = m - 67. What is the tens digit of z?
3
Let b(m) = 3*m**2 + 5*m + 2. Let z be b(-3). Let g(s) = 8*s + 8. Let i be g(z). Suppose 4*n + n + w - 204 = 0, -3*w + i = 3*n. What is the units digit of n?
1
Suppose -2*r + b - 3 = 0, -2 + 17 = 5*b. Suppose -3*c + 207 = -s - s, -3*s + 9 = r. What is the units digit of c?
1
Let z(n) = -n - 1. Suppose -189 + 489 = 5*t. Suppose 0*c - t = 4*c. What is the units digit of z(c)?
4
What is the tens digit of (-3)/15 - 1/(-5)*786?
5
Let a be 1/4 + (-258)/(-24). Suppose 0 = -7*u + a*u - 8. Suppose -u*t + 20 = -18. What is the tens digit of t?
1
Let o(r) = 104*r + 306. What is the hundreds digit of o(22)?
5
Let r(y) = -2*y**3 - 14*y**2 - 22*y + 17. What is the units digit of r(-12)?
1
Suppose 4*m - 719 = 285. Let o = 477 - m. What is the hundreds digit of o?
2
Suppose -9*v + 108 = -5*v. Suppose 5*r + v + 3 = 5*i, 0 = -4*i + 20. What is the units digit of ((3 + r)/(-2))/(-1)?
1
Let a(y) = 6*y**2 + 61*y + 10. What is the thousands digit of a(15)?
2
Let u be 9/2 - 1/2. Suppose u*t - 146 = 134. What is the units digit of t?
0
Suppose 0 = 2*y + 5 + 121. Let j = y - -108. What is the units digit of j?
5
Suppose 5*c = 5*y + 630, -2*y = -5*c - y + 614. Suppose c = 2*i + 38. Suppose -5*z = -3*l + i, 2*z + 6 = l - 7. What is the tens digit of l?
1
Suppose -10*t + 12*t = 4. Let b(f) = 7*f - 2*f**2 + 3*f**t - 3 + 11 - 1. What is the tens digit of b(-9)?
2
Suppose -7*v + 6*v - 2 = 0. What is the units digit of ((504/35)/9)/(v/(-140))?
2
Let f = -27 + 78. Let j = 151 - f. What is the tens digit of j?
0
Let t(a) = -3*a - 1 - 1 + 6. Suppose -3*l + 2*z = 38, -2*l + z - 26 = -z. What is the units digit of t(l)?
0
Suppose 2*s + 2*s + 3*q - 9200 = 0, -4*s + 5*q = -9200. What is the units digit of s?
0
What is the units digit of 98/(-245) - (-1604)/10?
0
Let n = 5 - 2. Suppose h = t + n + 7, -4*t = -3*h + 45. Let o = t - -40. What is the units digit of o?
5
Let o(f) be the second derivative of f**3/6 + 4*f**2 - 7*f. What is the units digit of o(-3)?
5
Suppose 25 = -3*w + 2*w. Let f = -2 + w. Let d = f - -46. What is the tens digit of d?
1
Let d be 18 - 6 - (-1 + -2). Let k = d - 13. Suppose 4*o = 2*t + 88, 6*o - k*o - 3*t = 88. What is the units digit of o?
2
Suppose -5*j + 56 = 4*t - 114, -j - 4*t + 50 = 0. Suppose 5*o = -0*o + j. Suppose -3*l = -o*l + 186. What is the units digit of l?
2
Let v be -6 + (-1 - -5) + 74. Let s(w) = -w**2 + 2*w - 1. Let j be s(1). Suppose j = 5*b - i - v, 3